uppose -30*c - 367 = -33*c + 4*z, -252 = -2*c - z. Let p be 12/15 + (-726)/(-30). Calculate the highest common factor of p and c.
25
Let s be 5 - -2*15/(-10). Let c be (s/4)/((42/(-6))/(-14)). Calculate the highest common factor of 1 and c.
1
Suppose 5*u + 1185 = 5*c, 0*c - 5*u = -3*c + 705. Let z = -188 + c. What is the greatest common divisor of 91 and z?
13
Let q(k) = k**3 - 10*k**2 + 10*k - 9. Let z be q(9). Suppose 7*a - 3*a + 164 = z. Let c = a - -46. What is the highest common factor of 35 and c?
5
Let l(r) = r**3 - 18*r**2 - 61*r - 13. Let k be l(21). Suppose -5*o - 93 = -3*p, p = -o + k + 2. Calculate the greatest common factor of p and 31.
31
Let c(k) = -5*k**2 - 70*k + 13. Let x(g) = 14*g**2 + 212*g - 40. Let m(l) = -7*c(l) - 2*x(l). Let y be m(-10). What is the highest common factor of y and 58?
29
Let h(r) = 8*r + 10. Let c be h(-17). Let t = 156 + c. Let v be (0 - 1)*1*-20. Calculate the highest common divisor of v and t.
10
Let c = -9811 + 10111. Calculate the highest common factor of 84 and c.
12
Let y = 30108 + -28919. Calculate the highest common divisor of y and 928.
29
Let k(f) = -f**2 - 3*f + 185. Let t be k(0). Suppose -54*n + t = 5*p - 51*n, -n = -p + 45. What is the highest common factor of 150 and p?
10
Let d = -69 + 99. Suppose 8*f = 5*f + 4*c - 1233, -2*f + 2*c - 824 = 0. Let s = f - -421. Calculate the highest common divisor of s and d.
6
Let x = -216 + 13. Let h = x - -222. What is the highest common divisor of h and 209?
19
Let d = 17635 - 17152. What is the greatest common divisor of 693 and d?
21
Let l(s) = 31*s**2 + 16*s. Let j = 176 + -180. Let p be l(j). What is the highest common divisor of p and 27?
27
Suppose 3*a - 2*p = -35 + 343, 5 = -5*p. Let r = -5756 + 5762. What is the highest common divisor of r and a?
6
Let b(a) = a**3 + 14*a**2 - 7*a - 43. Let p(z) = 2*z**2 + 125*z - 77. Let g be p(-63). Let c be b(g). What is the greatest common factor of 44 and c?
11
Let x(o) = 38*o**2 - 34*o + 5. Let u be x(1). What is the highest common divisor of u and 282?
3
Let s = -16 - -18. Let w be 1 + (1 + s)/3. Let c = 705 - 685. Calculate the greatest common factor of w and c.
2
Suppose 122*x - 494 = -250. Calculate the greatest common divisor of 8422 and x.
2
Suppose 4*u = -x + 319, -4*u + 323 = -62*x + 59*x. What is the highest common factor of u and 512?
16
Let f = -6337 + 6354. Calculate the greatest common divisor of f and 34.
17
Suppose 9 = 3*t + 3*i, -t = -2*i - 0*i. Suppose 4*v = -3*x + 2, 5*x + 2 = -v + 45. What is the greatest common divisor of t and x?
2
Suppose -29*p - 2079 = -40*p. Suppose -p = 14*f - 23*f. What is the greatest common factor of 399 and f?
21
Let g(m) = 11652*m**2 - 2*m - 6. Let w be g(-1). What is the highest common divisor of 182 and w?
182
Suppose -131*a + 130*a = -1. Let w be (-186)/(-372)*(50 + -1 - a). What is the highest common factor of w and 48?
24
Suppose 4620 = 8*q - 3*q + 6*q. Calculate the highest common factor of 360 and q.
60
Suppose -25*z + 4743 = 4*z + 2*z. What is the highest common factor of z and 816?
51
Let d = -164 - -209. Let w = -23 - -32. What is the greatest common factor of d and w?
9
Suppose 2*p - 4*d - 508 = 0, p - 234 = 4*d + 14. What is the greatest common divisor of 4875 and p?
65
Let a be (2*2)/((-27)/324). Let q = 363 + a. Calculate the highest common factor of q and 35.
35
Suppose 2*g = 5*a - 11720, -4*a + 9*g + 9369 = 6*g. Calculate the greatest common factor of a and 816.
102
Let h be (0 - 1 - (-2710)/(-30))*-3. Suppose 0 = 7*o - h - 48. Let g(m) = 57*m + 1. Let r be g(2). Calculate the highest common factor of o and r.
23
Suppose -64 = 17*n - 1849. Calculate the greatest common divisor of 2415 and n.
105
Let q = -316 + -6180. Let m be (q/(-52))/7 + (-8)/(-52). What is the highest common divisor of 342 and m?
18
Suppose 9*k - 15*k = -78. Let f = k - -42. Let o be (-6)/12 - (-22)/4. Calculate the greatest common factor of f and o.
5
Suppose 0 = -5*d + 23*d - 10785 + 3369. What is the greatest common divisor of 12 and d?
4
Let k(i) = 3*i**3 - 17*i**2 + 72*i - 12. Let o be k(7). Calculate the highest common factor of 24 and o.
8
Let q(y) = y**3 - 114*y**2 - 144*y + 3377. Let k be q(115). Calculate the greatest common factor of 1743 and k.
21
Let x be (2*1)/((-4)/(-38)). Suppose -11*l + 1530 = -769. Calculate the greatest common factor of l and x.
19
Suppose -18*v + 4*q = -23*v - 945, -5*q = 0. Let s be (4/14)/((-3)/v). Let c be 328/18 + (-4)/18. What is the greatest common divisor of c and s?
18
Suppose 0 = -l - 16*l + l + 1824. Calculate the greatest common divisor of l and 30.
6
Let p be (-288)/(-28) + (-1)/(35/10). Let q be -3 - (-27)/6 - (-1275)/p. Calculate the greatest common divisor of q and 43.
43
Let j(g) = 42 - g + 25 + 53. Let y be j(20). Calculate the highest common factor of 4 and y.
4
Suppose a = -g + 8771, 0 = 30*a - 33*a + g + 26333. Calculate the highest common divisor of 8 and a.
8
Suppose -20*u - 39*u - 1427 + 13109 = 0. What is the greatest common divisor of 243 and u?
9
Suppose -4*d + 2801 = 2*p - 661, 4*p - 12 = 0. What is the greatest common divisor of d and 675?
27
Let v be 25/15*(2 + 142). What is the highest common divisor of v and 9480?
120
Let w(y) = y**2 + 2*y + 21. Let i be w(0). Let l = -31 + i. Let v be 11*((-47)/(-9) + l/45). Calculate the highest common factor of 5 and v.
5
Suppose -7*c = -6 - 22. Let o be 9940/(-30)*(-18)/c - -4. Suppose o = 11*v + 2*v. What is the greatest common factor of v and 23?
23
Suppose 8*h + 587 - 2003 = 0. Let l = h + 208. What is the greatest common divisor of l and 55?
55
Let g be 7 - -3*56/12. Suppose -8*u - g = -549. Calculate the highest common divisor of 462 and u.
66
Let u(q) = -65*q + 84. Let t be u(-10). Let g = -695 + t. What is the greatest common factor of g and 2?
1
Let b be 1 + (-1 + -10)*-1. Let y be ((-2)/10*4)/((-1)/5). Suppose 432 = 5*u + y*u. Calculate the highest common divisor of b and u.
12
Suppose 42 = -6*m - m. Let z be (-5)/((-5)/m) - -3. Let b(h) = -2*h**3 + 7*h**2 - 7. Let l be b(z). What is the greatest common divisor of 44 and l?
22
Let r(u) = u + 23. Let c be r(-13). Let n be c/(((-3)/(-8))/(12/16)). Calculate the greatest common divisor of 100 and n.
20
Let p = 2879 + -2529. What is the greatest common divisor of p and 75?
25
Let v(k) = -k**2 + 74*k + 4894. Let z be v(-38). Let a be 3*3*(-44)/(-18). What is the highest common divisor of z and a?
22
Let p = 3033 - 239. What is the greatest common divisor of p and 22?
22
Let u be (32/20)/(10/125). Suppose k = 9 + 7. Calculate the greatest common divisor of u and k.
4
Suppose z - 10 = -4*z. Suppose -3*h - 7 = -l - z*h, 0 = -3*h + 6. Let s = 4697 - 4688. What is the highest common factor of l and s?
9
Let b(h) = 7 - 211*h - 2 - 1 + 3. Let y be b(-5). Let u be 1/7 + y/14. What is the highest common divisor of u and 19?
19
Let a = -178 + 195. Suppose a*j = 3*j + 252. What is the highest common factor of 72 and j?
18
Let z be 4/(16/30)*32/6. Let n = -38 + z. Suppose a - 270 = -n*a. Calculate the highest common divisor of 10 and a.
10
Suppose 0 = 7*m - 17*m + 50. Suppose -2*l - 99 + 344 = -5*a, 4*l - 496 = 4*a. What is the greatest common divisor of l and m?
5
Suppose -111*i = -618 - 48. Suppose r - 762 = -0*r. Calculate the highest common divisor of i and r.
6
Let f = 6 + -1. Suppose -4*b = a - 20, 3*b - 144 = -f*a + 24. Suppose 988 = 7*o + 358. What is the greatest common factor of o and a?
18
Let b = -19 - -22. Let v be (-2 + b)*-1*-1. Suppose -v = -l + 1. What is the highest common divisor of l and 2?
2
Let t be ((-840)/490)/((-3)/224). Calculate the highest common divisor of 864 and t.
32
Suppose 0 = -0*l + 2*l - 30. Let i(t) = 0*t + 14*t**2 + 2*t - l*t**2 + t**3 + 15. Let p be i(0). Calculate the greatest common divisor of p and 45.
15
Suppose -47*b = -3756 + 701. What is the highest common divisor of 75 and b?
5
Let p be 2/(12/(-252)*3*-2). Let q = 6 + p. What is the greatest common divisor of q and 26?
13
Suppose 98*b = -24*b + 81984. Calculate the highest common factor of b and 2604.
84
Suppose -23*c + s = -18*c - 9297, 5586 = 3*c + 2*s. Let v be (-28)/(-6)*c/217. What is the greatest common factor of 10 and v?
10
Let p(t) = 13*t**2 + 6*t + 8*t + t**3 - 32 + 0*t - 10*t. Let l be p(-12). Calculate the greatest